i = 25515 - 16564. Is i a composite number?
False
Suppose -4*z = -2*z. Let y(x) = 0*x - 9 + z*x + 10*x. Is y(6) composite?
True
Let w(g) = -3*g + 1. Let i(n) = n**3 - 4*n**2 - n + 3. Let r be i(4). Let b be w(r). Suppose 0 = -b*f + 711 + 1157. Is f a composite number?
False
Suppose -33*i + 18345 = -30*i. Is i a prime number?
False
Suppose -2330 = -5*f + 5*c, 4*f = 3*c - c + 1868. Let p = -325 + f. Is p a composite number?
True
Suppose -5*h - 219 = 71. Is 2 + 2 + (0 - h) a prime number?
False
Let o(s) be the second derivative of -s**4/4 - 3*s**3/2 + 6*s**2 - 6*s. Let j be o(5). Let f = 151 - j. Is f a composite number?
True
Let w(b) = -b**3 - 6*b**2 + b + 5. Let q be w(-6). Let a(d) = -2*d**3 + 2*d**2 + 4*d + 5. Let k be a(-6). Is k - -5 - (2 - q) composite?
False
Let a be 13 - 3 - 40/10. Is (1006/a)/((-51)/18 + 3) a prime number?
False
Let k = -10 - -7. Is k + (-4 - -4) - -1126 a prime number?
True
Is (13 + -6)/(3 - 4118/1373) a prime number?
False
Suppose -3*a - n + 24955 = -24404, 2*a + n = 32905. Suppose 11*m - 3357 = a. Is m a composite number?
False
Let m = -9532 - -19775. Is m a composite number?
False
Let n(w) = 12723*w - 874. Is n(5) a prime number?
False
Suppose 0 = -3*w + s - 4, -s + 0*s + 1 = 0. Is 8056/8 - (0 - w) prime?
False
Suppose -2*l + 14 = 2*x, -4*l + 0 + 28 = -x. Let a = l + 28. Is 10593/21 - (-20)/a composite?
True
Let c be ((-30)/8)/(12/32). Let o = c - -10. Suppose o = -4*m - 3*k + 1093, -3*m + m + 539 = -k. Is m a prime number?
True
Let q be ((-2)/6)/1*-9. Suppose -4*o = -6*d + q*d + 22, -3*d - o + 2 = 0. Suppose -d*x - 2*x + 2*m + 22 = 0, -2*m = 4*x - 34. Is x a composite number?
False
Is 0 - (-14565 + -7)/(-4)*-7 a composite number?
True
Let b(g) = -g + 1. Let x(p) = -508*p**2 - 3*p + 3. Let k(s) = 4*b(s) - x(s). Let n be k(1). Suppose -6*c = -2*c - n. Is c prime?
True
Suppose -d = 4*s - 6242, 6*d - 9*d = -4*s + 6250. Is s a composite number?
True
Suppose -2*q - 15 = -7*q. Suppose 7*o + 5595 = 5*y + 3*o, -3330 = -3*y - q*o. Suppose -3*v - 2*v + y = 0. Is v a prime number?
True
Let y(r) = -42*r - 7. Let j(h) be the second derivative of -h**3/3 + 5*h**2/2 + h. Let c be j(4). Is y(c) a composite number?
True
Is 50/70 - 1 - (-8894)/14 prime?
False
Let d be ((-16)/12)/(2/57). Let b = d - -117. Is b a prime number?
True
Let g = -16616 - -25425. Is g prime?
False
Let o be 18/63 + (-180)/(-7). Suppose 5*p - o = 3*b, 3*b = p + 3*p - 19. Suppose -p*k + 9*k - 14 = 0. Is k a composite number?
False
Let t be 4/(-12)*-3 + -4. Is (-5)/(-10)*(747 + 2 + t) composite?
False
Let z(h) = 30*h**2 + 4*h - 3. Suppose 3*c - 1 - 11 = 0. Is z(c) prime?
False
Let r(z) = 23*z**3 - z**2 + z. Let j(n) = -n**2 + n + 11. Let b(p) = p**2 - 2*p - 11. Let m(f) = 3*b(f) + 2*j(f). Let u be m(6). Is r(u) composite?
False
Suppose -4*k - 6540 = -2*n, 4*n - 5286 = k + 7808. Is n composite?
True
Suppose 1324 = -2*q - 2*q. Let f = q + 775. Let g = -253 + f. Is g a composite number?
False
Suppose -30*q - 203258 = -52*q. Is q prime?
True
Let t = 209 - -8990. Is t composite?
False
Suppose -x = 0, q - 28*x - 18623 = -32*x. Is q a prime number?
False
Let k = -1520 + 3081. Is k prime?
False
Suppose -7062 = -g - t + 14, 4*g - 28302 = -5*t. Is g prime?
False
Let i = -856 - -2199. Is i composite?
True
Let l be 0 - (-5 + 3/((-3)/(-2))). Suppose 184 - 565 = -l*p. Is p prime?
True
Suppose -f - s + 50388 = f, 3*f - 3*s - 75591 = 0. Is f composite?
True
Let k = 12132 + -4889. Is k prime?
True
Suppose -5*u = 3*s - 2*u, -2*u = s - 1. Let w(y) = -24*y**3 - 2*y**2 - 2*y - 1. Let f be w(s). Suppose -q + 4*h = -f, 5*q = -4*h + h. Is q a composite number?
False
Is 9/(-6)*665240/(-30) composite?
True
Is (-12*4496)/(-1) - (-1 + 2) composite?
False
Suppose 133*o = 139*o - 23946. Is o prime?
False
Suppose 4*f + 71973 = 38*l - 33*l, -2*f = -l + 14397. Is l a composite number?
True
Let i be (-2)/1*(-26778)/12. Let y = i + -2992. Is y a prime number?
True
Let r = 30096 + -20563. Is r a composite number?
False
Suppose -14210 = -3*u - 4*o + 5813, 5*o - 26697 = -4*u. Is u a prime number?
True
Let g(m) = m**2 - 2*m + 2. Let j be g(3). Suppose -5*u + 1522 = l, 4*u = -0*u - j*l + 1205. Is u prime?
False
Suppose 5*n - 2*w = 208, 6*n = 3*n + 4*w + 122. Suppose n*g + 1281 = 45*g. Is g prime?
False
Let q be 5 - 172*(-4 + -2). Suppose q = 10*m + 67. Is m composite?
False
Suppose 0*b = 4*b - 4. Is b/3*-3 - -960 a prime number?
False
Suppose 633539 = -279*k + 296*k. Is k composite?
True
Suppose 3*z - 17 = -2. Let p(d) = 2*d**2 + 3*d - 6. Is p(z) prime?
True
Let f(b) = -190*b + 367. Is f(-6) prime?
False
Suppose -5*y + 30094 = -23821. Is y a prime number?
False
Let y be 2/16 + 1198/16. Is (-46826)/(-30) + 10/y composite?
True
Let x(a) = 2*a**2 + 4*a + 4. Let l be x(-2). Let u = 314 - 83. Suppose b - l*b = -u. Is b a prime number?
False
Let w(i) = -1 + i + 32*i**2 - i - i - 29*i**2. Is w(5) composite?
True
Suppose 34*d = -76256 + 506730. Is d a prime number?
False
Let u be 86/((-5)/((-225)/(-179)) + 4). Let x = u + -1059. Is x a prime number?
False
Let c(f) = -f**3 + f**2 + 231. Let l be c(0). Suppose -6*a + l = -3*a. Suppose 7*y = 8*y - a. Is y composite?
True
Suppose 3*q = -q - 20, 4*x - 57 = 5*q. Let b(m) = 16*m**2 + 3*m + 10. Let i be b(x). Suppose 5*r - i = 3*h - 0*h, -210 = -r - h. Is r a prime number?
True
Let f(j) = -j**2 - 6*j + 439. Is f(0) a prime number?
True
Is 3*-2 + (0 - -14025) prime?
False
Let h(c) = -532*c + 317. Is h(-45) a composite number?
True
Suppose 5*n - 5 = -2*r, -r - 3*n = r - 3. Suppose -2*q + 2 = -2. Suppose 2*c + q*k - 786 = r, c + c + 4*k - 782 = 0. Is c a prime number?
False
Suppose 2*u - 6*u = -48. Is (4 + 0)/(u/(-690)*-5) prime?
False
Suppose 2*s - 8 = -2*s. Let z(o) = -5*o**3 + 5*o**2 - 2*o - 5. Let v(r) = -11*r**3 + 10*r**2 - 4*r - 10. Let a(n) = s*v(n) - 5*z(n). Is a(7) a prime number?
False
Let o = 297 - 88. Let s = o - -217. Is (4 - s)*(-2)/4 composite?
False
Let u be -7*(0 + 2/(-7)). Suppose -4*p + 4123 - 984 = -5*c, -u*c - 3130 = -4*p. Is p composite?
True
Suppose 15 = 2*b - 7*b, 3*l = 4*b + 10089. Is l a composite number?
False
Let y(k) = 3592*k**2 + 32*k - 61. Is y(2) a composite number?
True
Suppose 4919 = 3*b - 4*l, 4*b + 3*l - l = 6544. Is b composite?
False
Let m be ((-1)/2)/((-1)/204). Suppose -16*h = -19 - 29. Suppose 0 = h*j - j - m. Is j composite?
True
Let x(z) = -2*z - 1 - 216*z**2 + 233*z**2 - z. Let f(i) = -i**2 - 4*i + 2. Let n be f(-5). Is x(n) a composite number?
True
Is (10 - 9)*11414/2 composite?
True
Let i = 702 - -6295. Is i prime?
True
Suppose 3*w - h = -4, w - h + 6 = 4*h. Let y be (41*8)/1 + w. Suppose -y = -5*q + 238. Is q a composite number?
False
Suppose 3*a - 52 = 5*y, -7*a + 5*y + 66 = -3*a. Suppose -6 = -4*v - c - a, c = 4. Is (1146/(-3))/(v - -1) prime?
True
Suppose -12*b = -62*b + 1185950. Is b a composite number?
False
Suppose -2*c + 33 = 43. Let u(m) = -472*m + 29. Is u(c) prime?
True
Suppose 7 - 31 = -3*g - 3*i, -i = -5*g + 10. Let l be g/2*568/12. Suppose -5*m = -4*b + 139, -2*m - m = -2*b + l. Is b a prime number?
True
Suppose 3*h - 9303 = -5*r + 20747, -4*h = -r + 5987. Is r a prime number?
True
Suppose 5*w - 3*l - 6 - 15 = 0, 0 = 3*w - 3*l - 15. Suppose 5*r - 4267 = -2*y, 2*y = -w*r + 2261 + 300. Is r a composite number?
False
Suppose 18*j - 21 = 21*j. Let v(q) = -q**3 + 3*q**2 + 6*q + 3. Is v(j) prime?
False
Suppose -4*k - 5*s = 480, 3*k + 3*s - 2*s + 349 = 0. Let q = -64 - k. Is q a prime number?
False
Suppose 10*v = 57 + 13. Let g(r) = 2*r**3 - 8*r**2 + 2*r + 6. Is g(v) composite?
True
Suppose -3*m + 3 = -3. Let z = 3 + m. Suppose -z*b + 326 + 229 = 0. Is b prime?
False
Let m = 10 + -5. Let n(j) = -j**3 + 4*j**2 - 3*j - 4. Let z be n(m). Let i = z - -201. Is i a composite number?
False
Suppose -4*u + 3*u - 4*j = -464, 3*u = 4*j + 1472. Let z be ((-2)/5)/((-12)/120). Suppose -544 = -z*i + u. Is i composite?
False
Is (-9)/(6 + -24)*(128606 + -4) a composite number?
False
Let h(p) = 24*p - 1199. Let l(x) = 23*x - 1198. Let i(u) = 2*h(u) - 3*l(u). Let f(d) = 4*d - 239. Let q(w) = -11*f(w) - 2*i(w). Is q(0) prime?
False
Suppose 0 = 14*v - 6*v - 24. Suppose -4837 = -10*m + v*m. Is m a composite number?
False
Let j be 1 + 388 + 3*4/(-4). Suppose 0 = -c + j + 171. Is c a composite number?
False
Let z = 988 + -1469. Let b = 7